in base 7?
-316
Convert -8 (base 15) to base 2.
-1000
Convert -2 (base 12) to base 13.
-2
What is -4 (base 10) in base 2?
-100
Convert 1 (base 13) to base 2.
1
What is -8 (base 11) in base 9?
-8
Convert 1010100 (base 2) to base 3.
10010
What is -152 (base 11) in base 2?
-10110010
-7 (base 16) to base 11
-7
Convert 23 (base 4) to base 10.
11
What is -6 (base 11) in base 3?
-20
-102 (base 6) to base 7
-53
-c (base 13) to base 16
-c
What is 19a (base 13) in base 3?
101222
What is 2 (base 12) in base 15?
2
What is 0 (base 13) in base 7?
0
What is 32 (base 11) in base 12?
2b
What is 5b (base 12) in base 6?
155
What is 2 (base 8) in base 2?
10
Convert -4c (base 15) to base 10.
-72
Convert 40 (base 5) to base 4.
110
-2 (base 5) to base 6
-2
-1121 (base 4) to base 3
-10022
-312 (base 4) to base 3
-2000
16 (base 12) to base 8
22
Convert 12 (base 3) to base 12.
5
-6 (base 10) to base 4
-12
11 (base 2) to base 5
3
What is -11 (base 12) in base 8?
-15
What is -28 (base 10) in base 8?
-34
-32 (base 7) to base 12
-1b
-101 (base 4) to base 10
-17
1 (base 3) to base 10
1
-4 (base 13) to base 16
-4
What is 268 (base 12) in base 10?
368
What is 1a (base 12) in base 6?
34
What is 8 (base 16) in base 8?
10
What is 0 (base 6) in base 5?
0
What is 135 (base 6) in base 12?
4b
What is 2 (base 5) in base 13?
2
What is 1 (base 8) in base 15?
1
Convert 2 (base 15) to base 6.
2
What is 2 (base 8) in base 5?
2
Convert -27 (base 8) to base 13.
-1a
What is 2111 (base 3) in base 5?
232
Convert -53 (base 6) to base 13.
-27
What is -20 (base 8) in base 11?
-15
-20 (base 12) to base 2
-11000
93 (base 10) to base 3
10110
0 (base 16) to base 7
0
What is -b (base 14) in base 2?
-1011
Convert 2 (base 8) to base 14.
2
Convert -2 (base 8) to base 10.
-2
Convert 100122 (base 3) to base 10.
260
Convert -59 (base 12) to base 16.
-45
11 (base 15) to base 12
14
11 (base 2) to base 3
10
1 (base 7) to base 2
1
Convert 3 (base 13) to base 5.
3
3 (base 11) to base 4
3
7 (base 13) to base 6
11
a (base 12) to base 9
11
3 (base 14) to base 13
3
111 (base 3) to base 12
11
What is 1 (base 14) in base 8?
1
62 (base 8) to base 10
50
5 (base 11) to base 9
5
76 (base 12) to base 5
330
Convert -121 (base 3) to base 8.
-20
156 (base 9) to base 3
11220
What is -4 (base 13) in base 6?
-4
What is -10 (base 2) in base 15?
-2
Convert 302 (base 5) to base 2.
1001101
Convert 101 (base 2) to base 9.
5
Convert -2 (base 5) to base 6.
-2
What is 2 (base 8) in base 6?
2
7 (base 15) to base 6
11
-19 (base 11) to base 14
-16
Convert 1 (base 13) to base 3.
1
What is 11 (base 9) in base 7?
13
Convert -132 (base 4) to base 15.
-20
What is -1120 (base 4) in base 2?
-1011000
Convert -12 (base 9) to base 15.
-b
What is 30 (base 13) in base 11?
36
13 (base 10) to base 8
15
-2 (base 3) to base 14
-2
What is 1 (base 2) in base 3?
1
-3 (base 7) to base 4
-3
Convert 3 (base 14) to base 3.
10
Convert 130 (base 11) to base 9.
181
-11011011 (base 2) to base 16
-db
Convert 125 (base 9) to base 10.
104
Convert 2 (base 14) to base 7.
2
-113 (base 5) to base 15
-23
What is 3 (base 16) in base 4?
3
What is -3 (base 15) in base 7?
-3
4 (base 14) to base 10
4
-4 (base 15) to base 7
-4
-100 (base 2) to base 12
-4
27 (base 9) to base 8
31
-201 (base 4) to base 11
-30
What is -2121 (base 3) in base 11?
-64
Convert -10 (base 3) to base 15.
-3
What is -54 (base 7) in base 8?
-47
Convert 13 (base 7) to base 3.
101
Convert -20 (base 4) to base 8.
-10
What is -34 (base 13) in base 8?
-53
What is -1 (base 16) in base 2?
-1
-1 (base 12) to base 7
-1
What is 61 (base 8) in base 5?
144
-10 (base 4) to base 7
-4
Convert -1 (base 3) to base 5.
-1
Convert 42 (base 7) to base 10.
30
44 (base 11) to base 7
66
What is -1111000 (base 2) in base 4?
-1320
Convert -17 (base 15) to base 11.
-20
-73 (base 9) to base 14
-4a
What is 4b (base 16) in base 4?
1023
What is 100 (base 4) in base 7?
22
What is a (base 16) in base 7?
13
48 (base 13) to base 10
60
Convert 4 (base 8) to base 4.
10
Convert -23 (base 7) to base 6.
-25
What is 263 (base 10) in base 7?
524
654 (base 8) to base 15
1d8
Convert -2 (base 10) to base 2.
-10
Convert -5 (base 11) to base 2.
-101
-3 (base 16) to base 2
-11
4 (base 7) to base 6
4
What is b (base 13) in base 15?
b
Convert 0 (base 15) to base 2.
0
Convert -23 (base 9) to base 16.
-15
Convert -3 (base 4) to base 14.
-3
Convert 5 (base 8) to base 16.
5
Convert 12 (base 4) to base 12.
6
4 (base 15) to base 3
11
-43 (base 15) to base 6
-143
11 (base 3) to base 12
4
Convert 13 (base 11) to base 4.
32
Convert a (base 11) to base 6.
14
What is -8 (base 14) in base 13?
-8
Convert -19 (base 16) to base 10.
-25
What is 28 (base 10) in base 8?
34
27 (base 14) to base 9
38
Convert 4 (base 15) to base 12.
4
Convert 1 (base 10) to base 9.
1
-2 (base 16) to base 3
-2
Convert 10 (base 2) to base 4.
2
What is 10 (base 4) in base 5?
4
Convert -1 (base 2) to base 13.
-1
Convert -5 (base 16) to base 13.
-5
What is -3 (base 9) in base 15?
-3
What is -342 (base 6) in base 5?
-1014
Convert 122 (base 3) to base 10.
17
What is -1110 (base 5) in base 3?
-12202
8 (base 11) to base 6
12
What is -2 (base 11) in base 10?
-2
77 (base 9) to base 7
130
36 (base 9) to base 7
45
b (base 13) to base 16
b
Convert 22 (base 8) to base 9.
20
-100100 (base 2) to base 11
-33
Convert 0 (base 13) to base 9.
0
Convert -1 (base 2) to base 12.
-1
What is -120 (base 6) in base 12?
-40
What is -140 (base 11) in base 12?
-119
What is 55 (base 7) in base 5?
130
Convert -21 (base 8) to base 16.
-11
Convert 141 (base 8) to base 14.
6d
What is 27 (base 15) in base 13?
2b
Convert -18 (base 9) to base 10.
-17
-4 (base 10) to base 6
-4
What is 114 (base 16) in base 4?
10110
17 (base 14) to base 7
30
213 (base 4) to base 3
1110
10a (base 14) to base 6
542
What is 21 (base 3) in base 2?
111
What is -6 (base 10) in base 9?
-6
What is 100 (base 3) in base 6?
13
-7 (base 14) to base 2
-111
1 (base 15) to base 13
1
What is -13 (base 5) in base 10?
-8
Convert -110 (base 2) to base 11.
-6
Convert 31 (base 7) to base 13.
19
Convert 2021 (base 5) to base 15.
126
2210 (base 3) to base 4
1023
What is -2 (base 15) in base 13?
-2
What is -27 (base 14) in base 10?
-35
Convert 22 (base 5) to base 2.
1100
What is -142 (base 12) in base 16?
-c2
What is -150 (base 8) in base 4?
-1220
20 (base 6) to base 10
12
3b (base 16) to base 8
73
83 (base 12) to base 13
78
Convert 8 (base 10) to base 16.
8
-5c (base 15) to base 2
-1010111
140 (base 11) to base 3
20010
Convert fc (base 16) to base 12.
190
4 (base 9) to base 3
11
-202 (base 3) to base 10
-20
Convert -1a (base 16) to base 8.
-32
-100 (base 2) to base 5
-4
What is -100 (base 2) in base 7?
-4
What is 10 (base 4) in base 5?
4
1 (base 10) to base 13
1
Convert -9 (base 14) to base 7.
-12
-3 (base 7) to base 12
-3
-45 (base 16) to base 12
-59
Convert 131 (base 4) to base 13.
23
What is -1 (base 6) in base 9?
-1
Convert -222 (base 4) to base 10.
-42
What is -4 (base 13) in base 11?
-4
What is 2a (base 11) in base 9?
35
102 (base 16) to base 11
215
-1 (base 11) to base 2
-1
Convert -23 (base 4) to base 8.
-13
What is 7 (base 10) in base 5?
12
Convert 82 (base 9) to base 11.
68
-152 (base 7) to base 4
-1112
Convert 101010 (base 3) to base 11.
229
What is 10 (base 15) in base 5?
30
Convert -112 (base 8) to base 6.
-202
27 (base 14) to base 3
1022
What is 61 (base 9) in base 7?
106
What is -10020 (base 3) in base 6?
-223
What is 22110 (base 3) in base 12?
170
Convert 28 (base 10) to base 5.
103
20 (base 14) to base 7
40
What is 2 (base 7) in base 13?
2
-69 (base 12) to base 13
-63
Convert 12 (base 5) to base 2.
111
Convert 22 (base 14) to base 15.
20
What is -111 (base 8) in base 15?
-4d
101011 (base 2) to base 8
53
What is -76 (base 9) in base 13?
-54
What is 100000 (base 2) in base 15?
22
-131 (base 6) to base 12
-47
What is -1315 (base 6) in base 16?
-14f
Convert 43 (base 10) to base 11.
3a
What is -12001 (base 4) in base 5?
-3020
2 (base 16) to base 4
2
What is 28 (base 13) in base 2?
100010
What is 22 (base 4) in base 10?
10
-15 (base 9) to base 6
-22
0 (base 2) to base 5
0
Convert -1110100 (base 2) to base 12.
-98
111 (base 2) to base 11
7
-2 (base 14) to base 7
-2
What is -2 (base 5) in base 8?
-2
Convert -5 (base 9) to base 7.
-5
What is -40 (base 5) in base